of r/16 + 2/(-8)?
7
Let z(c) be the third derivative of c**5/60 - c**4/24 + 5*c**3 - c**2. Suppose -3*d + 3*d = 5*d. What is the units digit of z(d)?
0
Suppose 0 = -l - 2*l + 3. Let d be (-8)/(8/(-20)*l). Suppose 4*y + 0*n + 3*n - 80 = 0, n = y - d. What is the units digit of y?
0
Let w = -23 + 37. What is the hundreds digit of (-1)/((-28)/w*(-2)/(-628))?
1
Suppose -3*a + x - 1 = -4, 4*a = 5*x + 4. Let c be -2*a + 0 + 5. What is the tens digit of 4 - (c - 3) - -7?
1
Let v(a) = 223*a**2 - 8*a - 3. What is the thousands digit of v(3)?
1
Let x(u) be the second derivative of u - 3/2*u**2 + 0 + 1/2*u**4 - 1/2*u**3 - 1/20*u**5. What is the tens digit of x(3)?
1
Let j(h) = h**3 - 4*h**2 - 6*h - 3. Let l be j(5). Let o(t) = -3*t + 10 + 1 + 0. What is the tens digit of o(l)?
3
Let l(z) = 4*z**2 - 23*z - 49. What is the units digit of l(-23)?
6
Let s be (-145)/(-45) - 6/27. Suppose 3 + 3 = -s*p. What is the tens digit of 1*((-6)/p - -21)?
2
Suppose 5*m = -2*p + 31, -3*m - 3*p + 13 = -11. Let j(x) = -x**2 + 2*x + 12. Let u be j(m). What is the units digit of 4*(u - (-31)/4)?
9
Suppose 6*i = -c + i + 2227, 8 = -4*i. What is the tens digit of c?
3
Suppose -4*v - 376 = 4*f, -3*f - v - 152 = 134. Let t = f + 342. What is the tens digit of t?
4
Let w(r) = -2*r - 1. Suppose 0 = -b + 1 - 2. Let o be w(b). Let y(s) = 22*s - 2. What is the tens digit of y(o)?
2
Suppose -130*v = -122*v - 6328. What is the tens digit of v?
9
Let o = 594 - 189. What is the hundreds digit of o?
4
Let o = 252 + -252. Suppose 0 = -5*x + 6 + 9. Suppose 0 = 4*m - 5*i + x, -m - 5*i + 12 + 6 = o. What is the units digit of m?
3
Suppose -i - 4*l - 1556 = -5*i, -i - l = -387. Let o = -201 + i. What is the hundreds digit of o?
1
Let p(j) = -j**2 + 16*j - 15. Let w(i) = i - 11. Let f be w(7). Let x be 1*(f - 56/(-4)). What is the units digit of p(x)?
5
Let d(i) = -34*i - 74. What is the hundreds digit of d(-19)?
5
What is the thousands digit of (-8)/(-20) - ((-10986)/10 - -3)?
1
Let q(d) = 195*d**2 - 21*d + 14. What is the units digit of q(4)?
0
Let j(i) = i**3 - 2*i**2 - i - 1. Let t be j(2). Let r be t - (-17*3 + 3). Suppose -f - 4*f = -r. What is the units digit of f?
9
What is the tens digit of -7 - -1 - (-89 - 599)?
8
Let x(u) = 29*u + 7. Let d be x(4). Suppose -3*l = -474 + d. What is the tens digit of l?
1
Let n(q) = q**2 - 2*q + 4. Let j be n(3). Suppose -2*u - 1 = -j. What is the units digit of (u + -1 + -10)/(-2)?
4
Let p = -362 + 731. What is the tens digit of p?
6
Let p(m) be the third derivative of m**4/4 - m**3/3 + 18*m**2. What is the units digit of p(6)?
4
Let b be 1340/45 + 4/18. Suppose 5*a = 2*m - 36, 5*a + b = 3*m - 9. What is the units digit of ((-528)/(-20))/a*-15?
6
Suppose 3*g = 4*r - 15224, -5*g + 18722 = 3*r + 7275. What is the units digit of r?
9
Suppose -2*x + 5*a + 13 = 0, 3*x = 2*x + 2*a + 5. Let r(d) = 12*d - 2. Let q be r(x). Let y = 38 + q. What is the units digit of y?
4
Suppose 0 = -7*n + 8*n - 21. Let w be (-2)/7 - (-1224)/n. Let g = w - 37. What is the units digit of g?
1
Let k = 409 + 227. What is the units digit of k?
6
Let n be 1/3 - (-6822)/27. Let o = 373 - n. What is the hundreds digit of o?
1
Let b(w) = -3*w - 7. Let o be b(7). Let g(m) = -10*m + 15. Let z be g(-2). Let q = o + z. What is the units digit of q?
7
Let q be (8622/27)/(2*1/3). Suppose -2*f + 235 = 3*d, -4*d = -4*f - d + q. What is the units digit of f?
9
Suppose 10*w - 9*w - 290 = 12*f, -3*f = -12. What is the hundreds digit of w?
3
Suppose 9*p - p = -1704. Let a = p + 375. What is the tens digit of a?
6
Suppose 0 = -4*p - 124 + 640. What is the units digit of p + -2*(-3 - -4)?
7
Suppose -c + 2571 = 3*k + 582, 2*k = 5*c + 1343. What is the hundreds digit of k?
6
Let g = -7 - -7. Suppose -4*z + 2*z + 7 = -3*o, g = 2*z + 3*o - 13. What is the units digit of (-18 + 3)/(z/(-10))?
0
Let r(v) = -v**2 + 46*v + 69. What is the hundreds digit of r(15)?
5
Suppose -8*z + 5*z - 3 = 0. Let f = z + 8. Let g = -1 + f. What is the units digit of g?
6
Let l(h) = -8*h**3 - 3*h**2 - h + 1. Let g be l(-2). Suppose 23*v - 22*v = g. What is the tens digit of v?
5
Let h = 49 - -113. What is the tens digit of h?
6
Let d(j) = j**3 - 8*j**2 - 6*j - 20. Let o be d(9). Suppose -3*l - 12 = 3*q, -4*q + 3*l - 34 = -4. What is the tens digit of ((-2)/q)/(o/315)?
1
What is the units digit of (-2 - -1)*-1356 + 6?
2
Suppose 3*u - 340 = -2*y, -2*u - 337 = -5*u - 5*y. Let i = u + -89. What is the units digit of i?
5
Let y(l) = l**3 + 17*l**2 - 14*l - 34. What is the tens digit of y(-8)?
5
Suppose -2*v - 5*v - 21 = 0. Let q be 31 + v/(-9)*-3. Suppose 0 = -x + q + 21. What is the tens digit of x?
5
Let p(f) = f - 6. Let s be p(0). Let d(b) = b**2 + 2*b + 2. What is the units digit of d(s)?
6
Let w(l) = l**2 - l - 5. Let b be w(-2). What is the tens digit of (b - (50 - 1))/(12/(-42))?
6
Suppose 595 = t - 619. What is the tens digit of t?
1
Let o = -3 - -4. Let b be 8/(-4) + o + 1. Suppose b = -0*h + 5*h - 140. What is the units digit of h?
8
Let o(v) = -v**3 + 12*v**2 + 4. Let k be o(11). Let g = k - 78. What is the units digit of g?
7
Let a = 12 - 2. Let z be 1*(a + 1 + -2). What is the units digit of (6/z)/((-4)/(-78))?
3
Suppose -u + 3*n = 0, -2*n - 34 = -5*u - 4*n. Let v(l) = u*l + 2*l - 3*l + 3 - 4*l. What is the units digit of v(3)?
6
Let h(d) = 6*d**3 - 5*d**2 - 4. Let n(x) = 8*x**3 - 5*x**2 - x - 4. Let u(z) = 3*h(z) - 2*n(z). What is the tens digit of u(6)?
6
Let f = 1494 - 206. What is the thousands digit of f?
1
Let g = 22 + -24. Let r = g - -39. What is the tens digit of r?
3
Let x(f) = -4*f + f**3 - 3*f**3 - 4*f**2 + 0*f**3 + 3*f**3. Let n be x(5). Suppose 0*w + 2*w + 2*k = 18, 4*k - 45 = -n*w. What is the units digit of w?
9
Let d(h) = -21*h**3 - 3*h**2 + 4*h + 2. Let m(a) = -a**3 + 4*a**2 + a - 14. Let p be m(3). What is the units digit of d(p)?
0
Suppose -4*t = -12, 4*h = 4*t - 67 - 45. Suppose 4*q = 136 + 204. Let y = h + q. What is the tens digit of y?
6
What is the tens digit of 12/(-2) + (-4852)/(-4)?
0
Let m(t) be the third derivative of t**4/4 + t**3/6 - t**2. Let d(h) = -h**3 + 5*h**2 + 1. Let o be d(5). What is the units digit of m(o)?
7
Let h(f) = 6*f - 14. Let z be 3/(-4*(-6)/56). What is the tens digit of h(z)?
2
Let t(i) = -i**3 - 8*i**2 - 10*i - 9. Let f be t(-7). What is the tens digit of -104*(f/(-8) - -1)?
5
Suppose 7*y - 530 = 2*y - h, -3*y + h + 310 = 0. What is the units digit of y?
5
Let a be (-178)/(-6) + (-6)/9. Let x = a + -24. Suppose -103 = -4*s + x*b, 0 = -s + 4*b + 16 + 7. What is the tens digit of s?
2
Let y(c) = 36*c**3 + 2*c**2 - 1. Let o be y(1). Suppose 0*u + 4*d + 66 = 2*u, u - o = d. What is the units digit of u?
1
Suppose -43*t = o - 48*t - 2243, -2239 = -o + 4*t. What is the hundreds digit of o?
2
Let t(j) = j**3 - 7*j**2 + 8*j + 3. Suppose 15 + 15 = 5*m. Let v be t(m). What is the units digit of 16/(-20)*v/(-2)?
6
Suppose 0 = 4*z + 4*m, -3*z = 5*m - 0 - 8. Let l(d) = -d**3 - 4*d**2 - 2*d - 6. Let p be l(z). Suppose -p*r = -4*r + 16. What is the units digit of r?
8
Suppose -n + 11 = -12. Let m = n - 51. Let u = 69 + m. What is the units digit of u?
1
Let u = -141 + 283. Suppose 0 = -4*n - 2*v + u + 28, -v + 211 = 5*n. What is the tens digit of n?
4
Suppose -4*f - 1 = -p, -f + 3*p + 3 = -5. What is the tens digit of f*4 + -2 + 35?
2
Let r = 12 - 1. Let o(i) = 12*i + 53*i**3 - 54*i**3 + 10*i**2 + 8 + i. What is the units digit of o(r)?
0
Suppose -y + 8*y - 35 = 0. Suppose y*b + u - 7 = 17, 0 = b - 5*u - 10. What is the units digit of b?
5
Let x be (-21)/49 - (-492)/21. Suppose -q = -48 - x. What is the tens digit of q?
7
Let t = 1372 + -269. What is the thousands digit of t?
1
Suppose 3*o = 5*c + 1075, -3*o - 5*c = -2*o - 325. What is the tens digit of o?
5
Let t = 3 - 7. Suppose 5*s - 22 = -8*o + 5*o, 0 = -5*s - 20. What is the units digit of (o/t)/7*-2?
1
Let a(p) = p**3 + 2*p**2 + p - 12. Let i be a(5). What is the units digit of 1/(-2)*(2 - i)?
3
Suppose -4086 + 12630 = 16*p. What is the units digit of p?
4
What is the hundreds digit of (6 + 256/(-56))*595?
8
Suppose -2*p - 2*s - 40 = 2*p, -3*s - 30 = 3*p. Suppose 4*v + 140 = -5*t + 43, 0 = -3*v + 6. Let f = p - t. What is the tens digit of f?
1
Suppose -13 - 3 = -4*f. Suppose -2*i + 121 = -2*r - 79, 2*r = i - 105. Sup